{"id":330,"date":"2016-12-23T15:02:17","date_gmt":"2016-12-23T17:02:17","guid":{"rendered":"http:\/\/www.vinhecard.com\/site\/?page_id=330"},"modified":"2024-10-11T12:47:31","modified_gmt":"2024-10-11T15:47:31","slug":"fornecedores","status":"publish","type":"page","link":"https:\/\/www.vinhecard.com\/site\/fornecedores\/","title":{"rendered":"Fornecedores"},"content":{"rendered":"\n\n\t<h1>Alimenta\u00e7\u00e3o<\/h1>\n\t\t\t\t<img loading=\"lazy\" src=\"https:\/\/www.vinhecard.com\/site\/wp-content\/uploads\/2020\/10\/Inf-Portal.jpg\" alt=\"Inf Portal\" itemprop=\"image\" height=\"265\" width=\"455\" title=\"Inf Portal\" onerror=\"this.style.display='none'\"  \/>\n\t\t\t\t<img loading=\"lazy\" src=\"https:\/\/www.vinhecard.com\/site\/wp-content\/uploads\/2016\/12\/Infanger3.png\" alt=\"infanger3\" itemprop=\"image\" height=\"265\" width=\"484\" title=\"infanger3\" onerror=\"this.style.display='none'\"  \/>\n\t\t\t\t<img loading=\"lazy\" src=\"https:\/\/www.vinhecard.com\/site\/wp-content\/uploads\/2016\/12\/Asp.jpg\" alt=\"asp\" itemprop=\"image\" height=\"265\" width=\"455\" title=\"asp\" onerror=\"this.style.display='none'\"  \/>\n\t\t\t\t<img src=\"https:\/\/www.vinhecard.com\/site\/wp-content\/plugins\/beaver-builder-lite-version\/img\/pixel.png\" alt=\"\" itemprop=\"image\" onerror=\"this.style.display='none'\"  \/>\n\t\t\t\t<img src=\"https:\/\/www.vinhecard.com\/site\/wp-content\/plugins\/beaver-builder-lite-version\/img\/pixel.png\" alt=\"\" itemprop=\"image\" onerror=\"this.style.display='none'\"  \/>\n\t\t\t\t<img loading=\"lazy\" src=\"https:\/\/www.vinhecard.com\/site\/wp-content\/uploads\/2016\/12\/Res-2.jpg\" alt=\"res\" itemprop=\"image\" height=\"265\" width=\"455\" title=\"res\" onerror=\"this.style.display='none'\"  \/>\n\t\t\t\t<img loading=\"lazy\" src=\"https:\/\/www.vinhecard.com\/site\/wp-content\/uploads\/2016\/12\/Res-1.jpg\" alt=\"res\" itemprop=\"image\" height=\"265\" width=\"455\" title=\"res\" onerror=\"this.style.display='none'\"  \/>\n\t\t\t\t<img loading=\"lazy\" src=\"https:\/\/www.vinhecard.com\/site\/wp-content\/uploads\/2016\/12\/P-Jardim.jpg\" alt=\"p-jardim\" itemprop=\"image\" height=\"265\" width=\"455\" title=\"p-jardim\" onerror=\"this.style.display='none'\"  \/>\n\t\t\t\t<img src=\"https:\/\/www.vinhecard.com\/site\/wp-content\/plugins\/beaver-builder-lite-version\/img\/pixel.png\" alt=\"\" itemprop=\"image\" onerror=\"this.style.display='none'\"  \/>\n\t\t\t\t<img loading=\"lazy\" src=\"https:\/\/www.vinhecard.com\/site\/wp-content\/uploads\/2016\/12\/Figura1.jpg\" alt=\"figura1\" itemprop=\"image\" height=\"265\" width=\"455\" title=\"figura1\" onerror=\"this.style.display='none'\"  \/>\n\t<h1>Beleza e Cia.<\/h1>\n\t\t\t\t<img loading=\"lazy\" src=\"https:\/\/www.vinhecard.com\/site\/wp-content\/uploads\/2016\/12\/M.Bonita-2.gif\" alt=\"m-bonita-2\" itemprop=\"image\" height=\"265\" width=\"455\" title=\"m-bonita-2\" onerror=\"this.style.display='none'\"  \/>\n\t\t\t\t<img loading=\"lazy\" src=\"https:\/\/www.vinhecard.com\/site\/wp-content\/uploads\/2016\/12\/Um-Xero-2.gif\" alt=\"um-xero-2\" itemprop=\"image\" height=\"265\" width=\"455\" title=\"um-xero-2\" onerror=\"this.style.display='none'\"  \/>\n\t\t\t\t<img loading=\"lazy\" src=\"https:\/\/www.vinhecard.com\/site\/wp-content\/uploads\/2016\/12\/Ane-3.jpg\" alt=\"ane-3\" itemprop=\"image\" height=\"265\" width=\"455\" title=\"ane-3\" onerror=\"this.style.display='none'\"  \/>\n\t\t\t\t<img loading=\"lazy\" src=\"https:\/\/www.vinhecard.com\/site\/wp-content\/uploads\/2016\/12\/Velter.jpg\" alt=\"velter\" itemprop=\"image\" height=\"265\" width=\"455\" title=\"velter\" onerror=\"this.style.display='none'\"  \/>\n\t<h1>Cal\u00e7ados e Confec\u00e7\u00f5es<\/h1>\n\t\t\t\t<img loading=\"lazy\" src=\"https:\/\/www.vinhecard.com\/site\/wp-content\/uploads\/2016\/12\/Alaide.jpg\" alt=\"alaide\" itemprop=\"image\" height=\"265\" width=\"455\" title=\"alaide\" onerror=\"this.style.display='none'\"  \/>\n\t\t\t\t<img loading=\"lazy\" src=\"https:\/\/www.vinhecard.com\/site\/wp-content\/uploads\/2016\/12\/Azul-2.jpg\" alt=\"azul-2\" itemprop=\"image\" height=\"265\" width=\"455\" title=\"azul-2\" onerror=\"this.style.display='none'\"  \/>\n\t\t\t\t<img loading=\"lazy\" src=\"https:\/\/www.vinhecard.com\/site\/wp-content\/uploads\/2016\/12\/Banana-2.gif\" alt=\"banana-2\" itemprop=\"image\" height=\"270\" width=\"455\" title=\"banana-2\" onerror=\"this.style.display='none'\"  \/>\n\t\t\t\t<img loading=\"lazy\" src=\"https:\/\/www.vinhecard.com\/site\/wp-content\/uploads\/2016\/12\/Best.gif\" alt=\"best\" itemprop=\"image\" height=\"270\" width=\"455\" title=\"best\" onerror=\"this.style.display='none'\"  \/>\n\t\t\t\t<img loading=\"lazy\" src=\"https:\/\/www.vinhecard.com\/site\/wp-content\/uploads\/2016\/12\/cambalhota-5.gif\" alt=\"cambalhota-5\" itemprop=\"image\" height=\"265\" width=\"455\" title=\"cambalhota-5\" onerror=\"this.style.display='none'\"  \/>\n\t\t\t\t<img loading=\"lazy\" src=\"https:\/\/www.vinhecard.com\/site\/wp-content\/uploads\/2016\/12\/Corcelli.gif\" alt=\"corcelli\" itemprop=\"image\" height=\"270\" width=\"455\" title=\"corcelli\" onerror=\"this.style.display='none'\"  \/>\n\t\t\t\t<img loading=\"lazy\" src=\"https:\/\/www.vinhecard.com\/site\/wp-content\/uploads\/2016\/12\/Rolle^moda-intima.jpg\" alt=\"rollemoda-intima\" itemprop=\"image\" height=\"265\" width=\"455\" title=\"rollemoda-intima\" onerror=\"this.style.display='none'\"  \/>\n\t\t\t\t<img loading=\"lazy\" src=\"https:\/\/www.vinhecard.com\/site\/wp-content\/uploads\/2016\/12\/Montreal.jpg\" alt=\"montreal\" itemprop=\"image\" height=\"265\" width=\"455\" title=\"montreal\" onerror=\"this.style.display='none'\"  \/>\n\t\t\t\t<img loading=\"lazy\" src=\"https:\/\/www.vinhecard.com\/site\/wp-content\/uploads\/2016\/12\/Pe-de-Anjo.jpg\" alt=\"pe-de-anjo\" itemprop=\"image\" height=\"265\" width=\"455\" title=\"pe-de-anjo\" onerror=\"this.style.display='none'\"  \/>\n\t\t\t\t<img loading=\"lazy\" src=\"https:\/\/www.vinhecard.com\/site\/wp-content\/uploads\/2016\/12\/Taua-5.gif\" alt=\"taua-5\" itemprop=\"image\" height=\"265\" width=\"455\" title=\"taua-5\" onerror=\"this.style.display='none'\"  \/>\n\t\t\t\t<img loading=\"lazy\" src=\"https:\/\/www.vinhecard.com\/site\/wp-content\/uploads\/2016\/12\/Territorio-5.gif\" alt=\"territorio-5\" itemprop=\"image\" height=\"265\" width=\"455\" title=\"territorio-5\" onerror=\"this.style.display='none'\"  \/>\n\t<p><strong>\u00daNICA MODAS<\/strong><\/p>\n\t\t\t\t<img loading=\"lazy\" src=\"https:\/\/www.vinhecard.com\/site\/wp-content\/uploads\/2016\/12\/Veneza-M-5.gif\" alt=\"veneza-m-5\" itemprop=\"image\" height=\"265\" width=\"455\" title=\"veneza-m-5\" onerror=\"this.style.display='none'\"  \/>\n\t\t\t\t<img loading=\"lazy\" src=\"https:\/\/www.vinhecard.com\/site\/wp-content\/uploads\/2016\/12\/Via-Venezza.gif\" alt=\"via-venezza\" itemprop=\"image\" height=\"270\" width=\"455\" title=\"via-venezza\" onerror=\"this.style.display='none'\"  \/>\n\t\t\t\t<img loading=\"lazy\" src=\"https:\/\/www.vinhecard.com\/site\/wp-content\/uploads\/2016\/12\/sport-5.gif\" alt=\"sport-5\" itemprop=\"image\" height=\"265\" width=\"455\" title=\"sport-5\" onerror=\"this.style.display='none'\"  \/>\n\t\t\t\t<img loading=\"lazy\" src=\"https:\/\/www.vinhecard.com\/site\/wp-content\/uploads\/2016\/12\/Nicorella.jpg\" alt=\"nicorella\" itemprop=\"image\" height=\"265\" width=\"455\" title=\"nicorella\" onerror=\"this.style.display='none'\"  \/>\n\t\t\t\t<img loading=\"lazy\" src=\"https:\/\/www.vinhecard.com\/site\/wp-content\/uploads\/2016\/12\/Marilu.jpg\" alt=\"marilu\" itemprop=\"image\" height=\"265\" width=\"455\" title=\"marilu\" onerror=\"this.style.display='none'\"  \/>\n\t\t\t\t<img loading=\"lazy\" src=\"https:\/\/www.vinhecard.com\/site\/wp-content\/uploads\/2016\/12\/Orestes.jpg\" alt=\"orestes\" itemprop=\"image\" height=\"265\" width=\"455\" title=\"orestes\" onerror=\"this.style.display='none'\"  \/>\n\t\t\t\t<img loading=\"lazy\" src=\"https:\/\/www.vinhecard.com\/site\/wp-content\/uploads\/2016\/12\/Carmello-5.gif\" alt=\"carmello-5\" itemprop=\"image\" height=\"265\" width=\"455\" title=\"carmello-5\" onerror=\"this.style.display='none'\"  \/>\n\t\t\t\t<img src=\"https:\/\/www.vinhecard.com\/site\/wp-content\/plugins\/beaver-builder-lite-version\/img\/pixel.png\" alt=\"\" itemprop=\"image\" onerror=\"this.style.display='none'\"  \/>\n\t\t\t\t<img loading=\"lazy\" src=\"https:\/\/www.vinhecard.com\/site\/wp-content\/uploads\/2016\/12\/Lurds.gif\" alt=\"lurds\" itemprop=\"image\" height=\"265\" width=\"455\" title=\"lurds\" onerror=\"this.style.display='none'\"  \/>\n\t\t\t\t<img loading=\"lazy\" src=\"https:\/\/www.vinhecard.com\/site\/wp-content\/uploads\/2016\/12\/Atually-2.gif\" alt=\"atually-2\" itemprop=\"image\" height=\"270\" width=\"455\" title=\"atually-2\" onerror=\"this.style.display='none'\"  \/>\n\t\t\t\t<img loading=\"lazy\" src=\"https:\/\/www.vinhecard.com\/site\/wp-content\/uploads\/2016\/12\/carrapeta-5.gif\" alt=\"carrapeta-5\" itemprop=\"image\" height=\"265\" width=\"455\" title=\"carrapeta-5\" onerror=\"this.style.display='none'\"  \/>\n\t\t\t\t<img loading=\"lazy\" src=\"https:\/\/www.vinhecard.com\/site\/wp-content\/uploads\/2016\/12\/Zil-5.gif\" alt=\"zil-5\" itemprop=\"image\" height=\"265\" width=\"455\" title=\"zil-5\" onerror=\"this.style.display='none'\"  \/>\n\t\t\t\t<img loading=\"lazy\" src=\"https:\/\/www.vinhecard.com\/site\/wp-content\/uploads\/2016\/12\/E-Certo.gif\" alt=\"e-certo\" itemprop=\"image\" height=\"270\" width=\"455\" title=\"e-certo\" onerror=\"this.style.display='none'\"  \/>\n\t\t\t\t<img loading=\"lazy\" src=\"https:\/\/www.vinhecard.com\/site\/wp-content\/uploads\/2016\/12\/Gabrielli.gif\" alt=\"gabrielli\" itemprop=\"image\" height=\"270\" width=\"455\" title=\"gabrielli\" onerror=\"this.style.display='none'\"  \/>\n\t\t\t\t<img loading=\"lazy\" src=\"https:\/\/www.vinhecard.com\/site\/wp-content\/uploads\/2016\/12\/Rolle.jpg\" alt=\"rolle\" itemprop=\"image\" height=\"265\" width=\"455\" title=\"rolle\" onerror=\"this.style.display='none'\"  \/>\n\t<h1>Constru\u00e7\u00e3o, casa e m\u00f3veis<\/h1>\n\t\t\t\t<img loading=\"lazy\" src=\"https:\/\/www.vinhecard.com\/site\/wp-content\/uploads\/2016\/12\/Arte-Nobre-2.gif\" alt=\"arte-nobre-2\" itemprop=\"image\" height=\"265\" width=\"455\" title=\"arte-nobre-2\" onerror=\"this.style.display='none'\"  \/>\n\t\t\t\t<img loading=\"lazy\" src=\"https:\/\/www.vinhecard.com\/site\/wp-content\/uploads\/2016\/12\/Casa-da-Cosinha.gif\" alt=\"casa-da-cosinha\" itemprop=\"image\" height=\"249\" width=\"450\" title=\"casa-da-cosinha\" onerror=\"this.style.display='none'\"  \/>\n\t\t\t\t<img src=\"https:\/\/www.vinhecard.com\/site\/wp-content\/plugins\/beaver-builder-lite-version\/img\/pixel.png\" alt=\"\" itemprop=\"image\" onerror=\"this.style.display='none'\"  \/>\n\t\t\t\t<img loading=\"lazy\" src=\"https:\/\/www.vinhecard.com\/site\/wp-content\/uploads\/2016\/12\/Ribero.jpg\" alt=\"ribero\" itemprop=\"image\" height=\"265\" width=\"455\" title=\"ribero\" onerror=\"this.style.display='none'\"  \/>\n\t\t\t\t<img loading=\"lazy\" src=\"https:\/\/www.vinhecard.com\/site\/wp-content\/uploads\/2016\/12\/Dama.gif\" alt=\"dama\" itemprop=\"image\" height=\"249\" width=\"450\" title=\"dama\" onerror=\"this.style.display='none'\"  \/>\n\t\t\t\t<img loading=\"lazy\" src=\"https:\/\/www.vinhecard.com\/site\/wp-content\/uploads\/2016\/12\/Video-Center.gif\" alt=\"video-center\" itemprop=\"image\" height=\"249\" width=\"450\" title=\"video-center\" onerror=\"this.style.display='none'\"  \/>\n\t\t\t\t<img loading=\"lazy\" src=\"https:\/\/www.vinhecard.com\/site\/wp-content\/uploads\/2016\/12\/Vinhegas-1.jpg\" alt=\"vinhegas\" itemprop=\"image\" height=\"265\" width=\"455\" title=\"vinhegas\" onerror=\"this.style.display='none'\"  \/>\n\t<h1>Diversos \/ servi\u00e7os<\/h1>\n\t\t\t\t<img loading=\"lazy\" src=\"https:\/\/www.vinhecard.com\/site\/wp-content\/uploads\/2016\/12\/Primos.gif\" alt=\"primos\" itemprop=\"image\" height=\"270\" width=\"455\" title=\"primos\" onerror=\"this.style.display='none'\"  \/>\n\t\t\t\t<img loading=\"lazy\" src=\"https:\/\/www.vinhecard.com\/site\/wp-content\/uploads\/2016\/12\/Flor-Essencia-2.gif\" alt=\"flor-essencia-2\" itemprop=\"image\" height=\"260\" width=\"455\" title=\"flor-essencia-2\" onerror=\"this.style.display='none'\"  \/>\n\t\t\t\t<img loading=\"lazy\" src=\"https:\/\/www.vinhecard.com\/site\/wp-content\/uploads\/2016\/12\/Medicatus.jpg\" alt=\"medicatus\" itemprop=\"image\" height=\"265\" width=\"455\" title=\"medicatus\" onerror=\"this.style.display='none'\"  \/>\n\t\t\t\t<img loading=\"lazy\" src=\"https:\/\/www.vinhecard.com\/site\/wp-content\/uploads\/2016\/12\/Vinhegas.jpg\" alt=\"vinhegas\" itemprop=\"image\" height=\"265\" width=\"455\" title=\"vinhegas\" onerror=\"this.style.display='none'\"  \/>\n\t\t\t\t<img loading=\"lazy\" src=\"https:\/\/www.vinhecard.com\/site\/wp-content\/uploads\/2016\/12\/O-Visual.gif\" alt=\"o-visual\" itemprop=\"image\" height=\"270\" width=\"455\" title=\"o-visual\" onerror=\"this.style.display='none'\"  \/>\n\t\t\t\t<img loading=\"lazy\" src=\"https:\/\/www.vinhecard.com\/site\/wp-content\/uploads\/2016\/12\/lCarol.gif\" alt=\"lcarol\" itemprop=\"image\" height=\"270\" width=\"455\" title=\"lcarol\" onerror=\"this.style.display='none'\"  \/>\n\t\t\t\t<img loading=\"lazy\" src=\"https:\/\/www.vinhecard.com\/site\/wp-content\/uploads\/2016\/12\/Piva-2.gif\" alt=\"piva-2\" itemprop=\"image\" height=\"265\" width=\"455\" title=\"piva-2\" onerror=\"this.style.display='none'\"  \/>\n\t\t\t\t<img loading=\"lazy\" src=\"https:\/\/www.vinhecard.com\/site\/wp-content\/uploads\/2016\/12\/Foto-Nelson.gif\" alt=\"foto-nelson\" itemprop=\"image\" height=\"265\" width=\"450\" title=\"foto-nelson\" onerror=\"this.style.display='none'\"  \/>\n\t\t\t\t<img loading=\"lazy\" src=\"https:\/\/www.vinhecard.com\/site\/wp-content\/uploads\/2016\/12\/Diniz-2.gif\" alt=\"diniz-2\" itemprop=\"image\" height=\"265\" width=\"455\" title=\"diniz-2\" onerror=\"this.style.display='none'\"  \/>\n\t\t\t\t<img loading=\"lazy\" src=\"https:\/\/www.vinhecard.com\/site\/wp-content\/uploads\/2016\/12\/Escrit.jpg\" alt=\"escrit\" itemprop=\"image\" height=\"265\" width=\"455\" title=\"escrit\" onerror=\"this.style.display='none'\"  \/>\n\t\t\t\t<img loading=\"lazy\" src=\"https:\/\/www.vinhecard.com\/site\/wp-content\/uploads\/2016\/12\/Gabetta.jpg\" alt=\"gabetta\" itemprop=\"image\" height=\"265\" width=\"455\" title=\"gabetta\" onerror=\"this.style.display='none'\"  \/>\n\t\t\t\t<img src=\"https:\/\/www.vinhecard.com\/site\/wp-content\/plugins\/beaver-builder-lite-version\/img\/pixel.png\" alt=\"\" itemprop=\"image\" onerror=\"this.style.display='none'\"  \/>\n\t\t\t\t<img loading=\"lazy\" src=\"https:\/\/www.vinhecard.com\/site\/wp-content\/uploads\/2016\/12\/Eletrofone.gif\" alt=\"eletrofone\" itemprop=\"image\" height=\"249\" width=\"450\" title=\"eletrofone\" onerror=\"this.style.display='none'\"  \/>\n\t<h1>Not\u00edcias<\/h1>\n\t<h1>Presentes e papelaria<\/h1>\n\t\t\t\t<img loading=\"lazy\" src=\"https:\/\/www.vinhecard.com\/site\/wp-content\/uploads\/2016\/12\/Nalu-2.gif\" alt=\"nalu-2\" itemprop=\"image\" height=\"265\" width=\"455\" title=\"nalu-2\" onerror=\"this.style.display='none'\"  \/>\n\t\t\t\t<img loading=\"lazy\" src=\"https:\/\/www.vinhecard.com\/site\/wp-content\/uploads\/2016\/12\/Aquarela.jpg\" alt=\"aquarela\" itemprop=\"image\" height=\"265\" width=\"455\" title=\"aquarela\" onerror=\"this.style.display='none'\"  \/>\n\t\t\t\t<img loading=\"lazy\" src=\"https:\/\/www.vinhecard.com\/site\/wp-content\/uploads\/2016\/12\/Vinhepaper.jpg\" alt=\"vinhepaper\" itemprop=\"image\" height=\"265\" width=\"455\" title=\"vinhepaper\" onerror=\"this.style.display='none'\"  \/>\n\t\t\t\t<img loading=\"lazy\" src=\"https:\/\/www.vinhecard.com\/site\/wp-content\/uploads\/2016\/12\/Zampa-2.gif\" alt=\"zampa-2\" itemprop=\"image\" height=\"265\" width=\"455\" title=\"zampa-2\" onerror=\"this.style.display='none'\"  \/>\n\t\t\t\t<img loading=\"lazy\" src=\"https:\/\/www.vinhecard.com\/site\/wp-content\/uploads\/2016\/12\/Nalu.jpg\" alt=\"nalu\" itemprop=\"image\" height=\"265\" width=\"455\" title=\"nalu\" onerror=\"this.style.display='none'\"  \/>\n\t<h1>Sa\u00fade<\/h1>\n\t\t\t\t<img loading=\"lazy\" src=\"https:\/\/www.vinhecard.com\/site\/wp-content\/uploads\/2016\/12\/Far-Modelo.gif\" alt=\"far-modelo\" itemprop=\"image\" height=\"260\" width=\"455\" title=\"far-modelo\" onerror=\"this.style.display='none'\"  \/>\n\t\t\t\t<img loading=\"lazy\" src=\"https:\/\/www.vinhecard.com\/site\/wp-content\/uploads\/2016\/12\/Farm-Modelo.jpg\" alt=\"farm-modelo\" itemprop=\"image\" height=\"265\" width=\"455\" title=\"farm-modelo\" onerror=\"this.style.display='none'\"  \/>\n\t\t\t\t<img loading=\"lazy\" src=\"https:\/\/www.vinhecard.com\/site\/wp-content\/uploads\/2016\/12\/Far-Futura.gif\" alt=\"far-futura\" itemprop=\"image\" height=\"260\" width=\"455\" title=\"far-futura\" onerror=\"this.style.display='none'\"  \/>\n\t\t\t\t<img loading=\"lazy\" src=\"https:\/\/www.vinhecard.com\/site\/wp-content\/uploads\/2016\/12\/Dro-N-Vinhedo.gif\" alt=\"dro-n-vinhedo\" itemprop=\"image\" height=\"260\" width=\"455\" title=\"dro-n-vinhedo\" onerror=\"this.style.display='none'\"  \/>\n\t\t\t\t<img loading=\"lazy\" src=\"https:\/\/www.vinhecard.com\/site\/wp-content\/uploads\/2016\/12\/Dro-B-Funda.gif\" alt=\"dro-b-funda\" itemprop=\"image\" height=\"260\" width=\"455\" title=\"dro-b-funda\" onerror=\"this.style.display='none'\"  \/>\n\t\t\t\t<img loading=\"lazy\" src=\"https:\/\/www.vinhecard.com\/site\/wp-content\/uploads\/2020\/09\/D.Fant\u00e1stica.jpg\" alt=\"D.Fant\u00e1stica\" itemprop=\"image\" height=\"265\" width=\"455\" title=\"D.Fant\u00e1stica\" onerror=\"this.style.display='none'\"  \/>\n\t\t\t\t<img loading=\"lazy\" src=\"https:\/\/www.vinhecard.com\/site\/wp-content\/uploads\/2016\/12\/Medicatus.jpg\" alt=\"medicatus\" itemprop=\"image\" height=\"265\" width=\"455\" title=\"medicatus\" onerror=\"this.style.display='none'\"  \/>\n\t\t\t\t<img loading=\"lazy\" src=\"https:\/\/www.vinhecard.com\/site\/wp-content\/uploads\/2016\/12\/Far-joao.gif\" alt=\"far-joao\" itemprop=\"image\" height=\"260\" width=\"455\" title=\"far-joao\" onerror=\"this.style.display='none'\"  \/>\n\t\t\t\t<img loading=\"lazy\" src=\"https:\/\/www.vinhecard.com\/site\/wp-content\/uploads\/2020\/09\/Diskf.jpg\" alt=\"Diskf\" itemprop=\"image\" height=\"265\" width=\"455\" title=\"Diskf\" onerror=\"this.style.display='none'\"  \/>\n\t\t\t\t<img src=\"https:\/\/www.vinhecard.com\/site\/wp-content\/plugins\/beaver-builder-lite-version\/img\/pixel.png\" alt=\"\" itemprop=\"image\" onerror=\"this.style.display='none'\"  \/>\n\t<h1>Ve\u00edculos e acess\u00f3rios<\/h1>\n\t\t\t\t<img loading=\"lazy\" src=\"https:\/\/www.vinhecard.com\/site\/wp-content\/uploads\/2016\/12\/Castelo.jpg\" alt=\"castelo\" itemprop=\"image\" height=\"265\" width=\"455\" title=\"castelo\" onerror=\"this.style.display='none'\"  \/>\n\t\t\t\t<img loading=\"lazy\" src=\"https:\/\/www.vinhecard.com\/site\/wp-content\/uploads\/2016\/12\/Osnir.jpg\" alt=\"osnir\" itemprop=\"image\" height=\"265\" width=\"455\" title=\"osnir\" onerror=\"this.style.display='none'\"  \/>\n\t\t\t\t<img loading=\"lazy\" src=\"https:\/\/www.vinhecard.com\/site\/wp-content\/uploads\/2016\/12\/P-Eco.gif\" alt=\"p-eco\" itemprop=\"image\" height=\"265\" width=\"455\" title=\"p-eco\" onerror=\"this.style.display='none'\"  \/>\n\n","protected":false},"excerpt":{"rendered":"<p>Alimenta\u00e7\u00e3o Beleza e Cia. Cal\u00e7ados e Confec\u00e7\u00f5es \u00daNICA MODAS Constru\u00e7\u00e3o, casa e m\u00f3veis Diversos \/ servi\u00e7os Not\u00edcias Presentes e papelaria Sa\u00fade Ve\u00edculos e acess\u00f3rios<\/p>\n","protected":false},"author":1,"featured_media":0,"parent":0,"menu_order":0,"comment_status":"closed","ping_status":"closed","template":"","meta":[],"_links":{"self":[{"href":"https:\/\/www.vinhecard.com\/site\/wp-json\/wp\/v2\/pages\/330"}],"collection":[{"href":"https:\/\/www.vinhecard.com\/site\/wp-json\/wp\/v2\/pages"}],"about":[{"href":"https:\/\/www.vinhecard.com\/site\/wp-json\/wp\/v2\/types\/page"}],"author":[{"embeddable":true,"href":"https:\/\/www.vinhecard.com\/site\/wp-json\/wp\/v2\/users\/1"}],"replies":[{"embeddable":true,"href":"https:\/\/www.vinhecard.com\/site\/wp-json\/wp\/v2\/comments?post=330"}],"version-history":[{"count":159,"href":"https:\/\/www.vinhecard.com\/site\/wp-json\/wp\/v2\/pages\/330\/revisions"}],"predecessor-version":[{"id":1058,"href":"https:\/\/www.vinhecard.com\/site\/wp-json\/wp\/v2\/pages\/330\/revisions\/1058"}],"wp:attachment":[{"href":"https:\/\/www.vinhecard.com\/site\/wp-json\/wp\/v2\/media?parent=330"}],"curies":[{"name":"wp","href":"https:\/\/api.w.org\/{rel}","templated":true}]}}